((-2)/210)?
5, 7
What are the prime factors of (52980/(-48))/(3/(-12))?
5, 883
Suppose x + q - 82 = 0, 4*x - 3*q - 307 = -0*x. Let u = -41 + x. Suppose 17 = v - u. What are the prime factors of v?
5, 11
Suppose q = 2*b + 2, 0*q + 2*b - 6 = 5*q. Let f(o) = -14*o**3 - 4*o**2 - 9*o - 8. What are the prime factors of f(q)?
2, 53
What are the prime factors of (-131721562)/(-6220) - 2/(-20)*-1?
3, 13, 181
Let x be (-5)/90*4 + 3003/27. Let g = x + 179. List the prime factors of g.
2, 5, 29
Suppose -28251 + 84601 = 97*t - 297603. What are the prime factors of t?
41, 89
Suppose 5*m + 3*p = -0*p + 13, 3*m - 2*p = 4. Suppose -m*x - 6*v = -v, -4*v + 7 = 3*x. Suppose x*b = 6 - 1, -u - 3*b = -95. List the prime factors of u.
2, 23
Suppose 3*w - 12 = -6. Suppose -w*u = -3*m + 540, -5*m + 41 + 859 = -u. What are the prime factors of m?
2, 3, 5
Suppose 0 = 4*m + 3*i - 42, 2*m + 5*i - 3 = 11. Suppose 0 = -m*r - 153 + 1665. List the prime factors of r.
2, 3, 7
Suppose 0 = 5*b - 35, -75*p = -71*p - 5*b - 41513. List the prime factors of p.
13, 17, 47
Suppose 53222*p = 53223*p - 53376. List the prime factors of p.
2, 3, 139
Suppose -415 = -21*n - 121. Suppose -n*m + 8144 - 1060 = 0. What are the prime factors of m?
2, 11, 23
Suppose -64 = 2*v - 0*l + 3*l, -2*l = -4*v - 128. Let w = v - -112. Let x = 7 + w. List the prime factors of x.
3, 29
Let r(c) = 11*c + 140. Let m be r(-14). What are the prime factors of 2/m + (-176124)/(-273)?
3, 5, 43
What are the prime factors of (306/4)/((-12)/((-13152)/4))?
3, 17, 137
Let r = -84931 + 120845. What are the prime factors of r?
2, 17957
Suppose 0 = -44*t + 53*t + 22707. What are the prime factors of (t/(-12))/(7 + (-162)/24)?
29
Suppose -61 = -4*r - 49. Suppose 4*o = -s + 156, -r*s - 5*o + 507 = -6*o. Suppose 3*w - 63 - 100 = 2*f, 3*w - s = 3*f. What are the prime factors of w?
3, 17
Suppose 3*v = -5*d + 4, 13 = 5*v + 2*d - 0*d. Suppose -3*f + 219 = 5*n, n + 3*f - f - 41 = 0. Let z = n - v. What are the prime factors of z?
2, 3, 7
List the prime factors of (-3)/(-1) + -13 + 96 + 23105.
7, 3313
Let m(x) be the third derivative of -95*x**4/24 - x**3/2 + 22*x**2. Let g be m(-3). Let n = g + -164. What are the prime factors of n?
2, 59
Suppose 3*n - 5*z - 12021 = 0, 3*n - 62*z + 59*z = 12021. Suppose 22*y - 2087 - n = 0. What are the prime factors of y?
277
Suppose 5*c = -2*c + 50*c - 421529. List the prime factors of c.
9803
Let j(u) = 3*u**2 + 268*u + 131. What are the prime factors of j(-114)?
13, 659
Suppose 2*h - 110 - 110 = -3*t, 0 = 4*h + 3*t - 446. What are the prime factors of h?
113
Suppose -159049 = -35*j - 41309. What are the prime factors of j?
2, 29
Suppose -3*g + 3 = -2*g. Suppose g*r = 41 - 41. Suppose r = 32*y - 31*y - 112. What are the prime factors of y?
2, 7
Let w = 278 - 272. Suppose w*u + 24258 = 32*u. What are the prime factors of u?
3, 311
Suppose -21*s + 5*s + 1488 = 0. Suppose 2*f + h - 59 = 2*h, -3*h = -3*f + s. List the prime factors of f.
2, 7
Suppose -5*i - 62 = -10*x + 8*x, -4*i = 16. Let n(d) = -d**3 - 2*d**2 + 3*d + 4. Let q be n(-3). What are the prime factors of 1758/x + q/14?
2, 3, 7
Suppose -2*w + 17 + 1 = 4*h, -2*w - 2*h = -12. Suppose -n - 4144 - 2370 = -3*b, -w*b = -3*n - 6516. What are the prime factors of b/9 - (-6)/(-27)?
241
Suppose -k = -5*k + 20, 2*s - 6479 = 5*k. Suppose -51*w = s - 43185. What are the prime factors of w?
3, 29
Let v be (12/(-18))/(0 - (-4)/6). Suppose 3*a - 14 = p + a, -4*p + 2*a = 32. What are the prime factors of p/(-6) - 142/v?
11, 13
Suppose -2*r - 29 - 69 = 0. Let k be -3 + (8 + -1)*(-21)/r. Suppose 6*p - 14*p + 1296 = k. What are the prime factors of p?
2, 3
Suppose 3*u - 164 = -u. Suppose 0 = 5*p + 3*n + 3 + u, 2*p + 12 = -4*n. What are the prime factors of 87 - 16/20*p/4?
89
List the prime factors of (-6972)/(-8)*(264/9)/22.
2, 7, 83
Suppose -12*a - 15*a = -1016468 - 963550. What are the prime factors of a?
2, 37, 991
Let g = 17802 + -2909. List the prime factors of g.
53, 281
Let l(t) = 6*t + 38. Let d be l(-6). Let r(z) = 13*z**3 + 3*z**2 - 5*z + 6. What are the prime factors of r(d)?
2, 7
Let j(i) = 2*i + 41. Suppose 0 = 3*h - 4*h - 18. Let n be j(h). Suppose 0 = s - n - 82. What are the prime factors of s?
3, 29
Let v(w) = 99*w**3 - 6*w**2 - 209*w + 641. What are the prime factors of v(3)?
2633
Let h be (-15)/(-6) - 0 - (-11)/(-22). Suppose -4*m - m = -2*v - 284, 6 = h*v. Suppose -4*o - m + 110 = 0. What are the prime factors of o?
13
Suppose 68 = 8*w + 908. What are the prime factors of 9/(-6)*(3 + w) - -3?
2, 3, 13
Let j(i) = i**3 - 9*i**2 + 10*i + 1. Let o be j(8). Let f(p) = 13 + 8*p - 33 + o + 18*p. List the prime factors of f(3).
3, 5
Suppose -5*w + 15 = 3*f, -31*f = -3*w - 36*f + 25. Suppose -2*h + g + 530 = w, -7*h + 3*g = -g - 1853. What are the prime factors of h?
3, 89
Suppose -11*p - 50 = -39. Let g(w) = 0 - 3 + 28*w**2 + 2. What are the prime factors of g(p)?
3
What are the prime factors of 2*(-590219)/(-16) - (-162)/(-432)?
11, 19, 353
Let y(u) be the first derivative of -u**3/3 + 9*u**2 - 5*u + 1. Suppose -2*k - 13 = -3*k. List the prime factors of y(k).
2, 3, 5
Let a(y) = 3*y + 21. Let q be a(-6). Suppose -q*x + 230 = -109. What are the prime factors of x?
113
Let f(t) be the second derivative of 13*t**4/6 - 2*t**3/3 - 2*t**2 + 101*t. List the prime factors of f(-4).
2, 107
Suppose -6*r - 2*r + 16 = 0. Suppose r*w - 832 = -40. Let q = w - 280. What are the prime factors of q?
2, 29
Let s(u) = 3*u + 110. Suppose 0*b + 40 = 10*b. Let o be -5 + 2 + (b - 1). What are the prime factors of s(o)?
2, 5, 11
Suppose -4*c - 167 = 109. Let d = -67 - c. List the prime factors of 112/d*180/105.
2, 3
Let b(l) = 129*l**2 - 2*l - 7. Let r be b(5). Suppose 4*x + 4*x = r. What are the prime factors of x?
401
Let u(l) be the second derivative of 9*l**5/4 + l**4/6 - l**3/6 + l**2/2 + l - 5. What are the prime factors of u(2)?
367
Suppose 3*u = 3*d + 10 + 29, 5*u - 45 = 3*d. Let z(q) = -397*q**3 - 112 + 398*q**3 - 11*q + 129 + 2*q**2 + 7*q**2. List the prime factors of z(d).
3
Suppose 623*h - 648*h + 1545200 = 0. What are the prime factors of h?
2, 3863
Let n be 0/((6/2)/(60/40)). What are the prime factors of (n - -10)/((-6)/(-213))?
5, 71
Let w = 108 + -58. Suppose -4*d = 26 - w. Suppose 618 = d*m - 534. List the prime factors of m.
2, 3
Suppose -3*a + 38399 - 2542 = -2*l, 2*a - 2*l = 23904. What are the prime factors of a?
11953
Let d = 140742 + -78861. What are the prime factors of d?
3, 20627
Let z(q) = 36*q**3 + 27*q**2 - 187*q - 9. What are the prime factors of z(8)?
5, 7, 13, 41
Let t be 17668/98 + ((-12)/(-7) - 2). Let o be (-6)/(-10) - t/(-75). Suppose -2*a = -3*a - o*s + 26, -a + 4*s + 33 = 0. List the prime factors of a.
29
Let n(l) = l**2 + 13*l - 350. Let f be n(-26). List the prime factors of (-18)/54 - 14032/f.
7, 167
Suppose 2*r + 2*j - 84 = 0, 4*r + 3*j - 164 = -0*r. Let o = -179 + 245. Suppose -4*y + r = 2*c - 0*y, o = 2*c - 3*y. What are the prime factors of c?
3
What are the prime factors of 40*(-7 - 5008/(-80))?
2, 139
Let n(r) = -4*r + 14. Let b be n(-2). Suppose -11 = -4*y - k, -18*k - 20 = -4*y - b*k. List the prime factors of y.
2
Suppose 5*h - 445 = -5*x, -7*h + 9*h = 3*x + 163. Suppose k + 9 - 26 = -w, -2*k = -4*w + h. Let d = 9 + w. List the prime factors of d.
29
Suppose 26*b - 4369 = -5*d + 28*b, 0 = 4*d - 2*b - 3496. What are the prime factors of d?
3, 97
What are the prime factors of 144 - 121 - (-2 + -6121)?
2, 7, 439
Let n(w) = 30*w + 5. Let c(g) = g + 21. Let q be c(-20). Let h be n(q). Let v = -25 + h. What are the prime factors of v?
2, 5
Suppose 0 = -145*r + 2*r + 2038179. List the prime factors of r.
3, 4751
Suppose n - 44132 = -5*r, 2*r - 5*n - 1095 = 16547. List the prime factors of r.
2, 3, 1471
Let n(u) = -20*u**2 + 16*u - 6. Let v(j) = 7*j**2 + 0*j + 3*j - 4*j + 2 - 4*j. Let b(k) = -4*n(k) - 11*v(k). What are the prime factors of b(4)?
2, 7
Let n(y) = y**3 - 6*y**2 + y + 18. Let o = 71 - 66. Let c be n(o). What are the prime factors of 1/c - (-1070)/20?
53
Suppose -2*j - 31 = -39. Let a be (-81)/(((-12)/j)/3). Let c = -26 + a. List the prime factors of c.
5, 11
Suppose 12*s + 5*v = 11*s + 1559, -5*s + 7795 = 3*v. List the prime factors of s - ((6 - 7) + -8).
2, 7
Let o(n) = 721*n + 108. List the prime factors